at is the hundreds digit of k?
3
Let x(q) = -2*q**3 + 5*q**2 - 12*q + 1. What is the hundreds digit of x(-5)?
4
Let b = 39 - 33. Suppose 3*a - 2*n - 39 = 116, 3*n = b. What is the units digit of a?
3
Let o(r) = 140*r + 3385. What is the units digit of o(0)?
5
Suppose -3*i - 2*i = -5*d - 595, 4*d + 486 = 2*i. Let k = -64 - d. What is the units digit of k?
0
Suppose h = -h + 4. Suppose h*u = 170 + 44. What is the tens digit of u?
0
Let x(a) = -a**3 - 15*a + 4. What is the units digit of x(-15)?
4
Let p be (-6)/4*(-12)/9. Suppose 8*x - 3*x + 11 = o, -5*o = p*x + 53. Let i = o - -23. What is the tens digit of i?
1
Let f be (-144)/(-81) + 2/9. Suppose -f*n + 546 = 5*n. What is the units digit of n?
8
Let n(i) = 10*i**2 + 71*i - 17. What is the hundreds digit of n(7)?
9
Suppose 2*w + 4*p - 2*p - 10 = 0, 5*w - 4*p - 25 = 0. Suppose w*m - 65 = -0*m. Let r(g) = -g**3 + 13*g**2 + 3*g + 15. What is the tens digit of r(m)?
5
Suppose 3*x - l = 66, 7*x - 120 = 2*x + 5*l. Suppose -2*t + p = -x, -6*p + p = -25. What is the units digit of t?
3
Let c(f) = 4*f + 2 - 2*f - 3 + 5*f. Let d be c(10). Suppose 0*s + d = 3*s. What is the units digit of s?
3
Let a be (40/(-12))/(2/(-3)). Suppose 2*l - 424 = -3*b, -a*b - 11 + 1 = 0. What is the units digit of l?
5
Suppose 0 = -2*s - 2*x - 6, 3*s + 8*x = 4*x - 11. Let z(m) = -38*m**3 - 1 + 2*m**2 + 0*m - m - m**2. What is the tens digit of z(s)?
3
Suppose 57 = 5*j + 4*k, -2*j + 2*k - 3*k + 21 = 0. Let n = 6 - j. What is the units digit of (-22)/(-3 - (n - -1))?
2
Let j(g) = 3*g - 24. Let n be j(18). What is the tens digit of 1910/n - (2 + (-14)/6)?
6
Let b(d) = d**3 + 8*d**2 + d + 2. Let y be b(-8). Let f be (0 + 2)/(y/12). Let q(z) = -10*z - 17. What is the units digit of q(f)?
3
Let t(y) = -5*y + 0 - 1 + 0 + y**2 + 4. Let h be t(5). Suppose h*p + 30 = 5*p. What is the units digit of p?
5
Let x be (-38)/(-5) - (-2)/5. Let z be 8/(10 - -6)*2/(-1). What is the tens digit of (z/(-3))/(x/1224)?
5
Let m = 1827 - 947. What is the tens digit of m?
8
Let c(o) = -o**2 - 13*o - 11. Let s be c(-10). Let j(y) = -y**3 - 2*y**2. Let u be j(2). Let f = s + u. What is the units digit of f?
3
Suppose -4*x + 3914 = -2*v, -2*x + 3*v + 2940 = x. What is the units digit of x?
7
Let n be (-99)/(-21) + (-2)/(-7). Let k be (-2346)/(-36) - (-3)/((-18)/1). Suppose -n*h = -30 - k. What is the units digit of h?
9
Let s be 11/(-44) + 1666/8. Suppose s = 5*v - 3*d - d, 3*v = -5*d + 147. What is the units digit of v?
4
Let s(m) = -m**2 - m + 5. Let q(u) = u**2 - 3. Let n(i) = 5*q(i) + 2*s(i). Let f be (-3)/15 - (-84)/20. What is the tens digit of n(f)?
3
Let d(c) = c**2 - 6*c - 2. Let v be d(7). Let p = 0 + v. Suppose 5*a - p*z = 2*a + 52, -3*z = -3*a + 42. What is the units digit of a?
9
Let l be (8/(-10))/((-5)/125). Suppose 399 = l*s - 17*s. What is the hundreds digit of s?
1
Let p(d) = d**3 + 17*d**2 + 22*d - 4. What is the units digit of p(-11)?
0
What is the hundreds digit of (-5)/(105/6) + 11856/42?
2
Suppose 4*v - 87 = i - 4*i, 3*v - 9 = 0. What is the hundreds digit of ((-516)/(-20))/(5/i)?
1
Let r(t) = 242*t + 11. Let w = 9 + -8. What is the units digit of r(w)?
3
Suppose -47*u + 14*u = -33462. What is the tens digit of u?
1
Suppose 0 = -37*z + 12950 + 27491. What is the thousands digit of z?
1
Let j(h) = -25*h + 9 - 26*h - 21*h + 71*h. What is the units digit of j(-3)?
2
Suppose -3*a + 749 = o, -2*a + 238 = -a - 2*o. What is the hundreds digit of a?
2
Suppose 49 = 5*b + 19. Let l be 2 + 4/(2/(-1)). Suppose -2*f - 2*i + b*i + 96 = l, f = -4*i + 66. What is the tens digit of f?
5
Let l be ((-36)/8)/((-2)/4). Suppose l*o = 7*o + 104. What is the units digit of o?
2
Suppose -c - c - 19 = -3*o, 2*o - 16 = 2*c. Suppose 0 = o*d - 6*d + 36. Suppose -75 - d = -3*t. What is the units digit of t?
9
Suppose -3*w + 15 = 6. Let a(t) = -t**2 + 8*t - 4. What is the tens digit of a(w)?
1
Suppose z + 6*p = p + 247, -4*p - 1012 = -4*z. What is the hundreds digit of z?
2
Suppose 0*v - 2*v = 2*n - 14, -3*n + 19 = 2*v. Suppose k - v*k = -19. What is the units digit of k?
9
Let z(b) = -b**3 - 20*b**2 + 20*b - 24. Let q be z(-21). Let j(r) = -54*r - 12. What is the hundreds digit of j(q)?
1
Suppose 23 = 3*y + 8. Suppose -60 = -4*u + 4*f + 32, -4*f = y*u - 70. What is the units digit of u?
8
Suppose 2*k - 10 = -0*k. Suppose g = v - 13, -2*g - 12 = -k*v + 62. Suppose v = 4*y + 3*n, 2*n - 5 = -y + n. What is the units digit of y?
1
Let h(g) = -98*g**3 + g**2. Let j be h(-1). Let u = 172 - j. What is the tens digit of u?
7
Suppose 106 = -3*l + 2*s, -26 = l - 3*s - 0*s. What is the units digit of ((-57)/l)/(-1*(-2)/52)?
9
Let n = 122 - -1097. What is the tens digit of n?
1
Suppose 0*f + 5950 = 7*f. What is the hundreds digit of f?
8
Suppose 126 = 2*p - 2*b, -225 = -4*p - 3*b - 1. Suppose 132 = 3*z - 4*h, -z - 15 = -4*h - p. What is the units digit of z?
4
Let t(d) be the first derivative of d**4/4 + 4*d**3 - d**2/2 + 13*d + 4. Suppose -40 = 5*a + 20. What is the tens digit of t(a)?
2
Suppose -4*r = u - 701, 5*u + 6*r - 2*r = 3569. What is the hundreds digit of u?
7
Let z(c) = c - 2. Let t be -7 + (-2)/(-6)*3. Let g be z(t). What is the units digit of g/(-6) - 16/(-24)?
2
Suppose -i + 22 = 3*z + 5, -2*i = -2*z - 74. Suppose 5*y - 5*g + 4*g - 325 = 0, y = 3*g + 51. Let t = y - i. What is the tens digit of t?
3
What is the tens digit of 41036/26 + 16/(-52)?
7
Suppose -5*g - 11501 = -4*k, -3*k - 3*g = 4*g - 8615. What is the thousands digit of k?
2
Suppose 129*j - 14172 = 125*j. What is the tens digit of j?
4
Suppose -z - 4 = -2*k + 10, 0 = 4*k - 5*z - 22. Suppose 2*h + k = 5*y, -5*h - 4*y = -0*h - 13. What is the units digit of h?
1
Let o(h) = 10*h - 5. Let j(a) = a - 1. Let w(b) = 5*j(b) - o(b). Let f = -70 + 64. What is the tens digit of w(f)?
3
Let n = 183 + -103. What is the tens digit of n?
8
Let b(l) be the first derivative of l + 4 + 2*l**3 - 3/2*l**2. What is the units digit of b(2)?
9
Let n(u) = 2*u**2 - 20*u - 42. What is the tens digit of n(-11)?
2
Suppose 48 = -5*r + d - 20, 0 = -2*r + 2*d - 24. Let l = r - -26. What is the tens digit of l?
1
Suppose 0 = -299*b + 300*b - 1299. What is the thousands digit of b?
1
Suppose -3*y + 105 = 2*y. Let c = 36 + -41. Let h = y + c. What is the units digit of h?
6
Let m(b) = b**2 - 9*b + 16. Let d be m(8). Let y be 2/(1/(d/(-4))). What is the tens digit of y/((-12)/11)*3?
1
Let v = 215 + 4149. What is the hundreds digit of v?
3
Let z be (6/4*10)/1. Suppose -b = 5*v - 5, 5*v + 2*b - 5*b = -z. Suppose o + 0*o - 19 = v. What is the tens digit of o?
1
Suppose -v - w - 2*w = 7, 2*w = -3*v - 14. Suppose 3*c - c = -36. Let o = v - c. What is the units digit of o?
4
Suppose 2*y = 2*f - 5*f + 1182, 5*y + 2*f = 2977. What is the hundreds digit of y?
5
Let f be (1/(-3))/((-7)/273). Let v = f - -61. What is the units digit of v?
4
Suppose 0 = -r + 4*y + 23, -5*r + 47 = -y - 2*y. What is the tens digit of ((-12)/r)/(36/(-56))*42?
1
Let f(c) = 5 + 21 - 35*c - 39. What is the hundreds digit of f(-8)?
2
Suppose 0*s + 8 = 5*s - 2*w, -4*s + w = -4. Suppose s = b + i - 98, 2*b + b - i - 278 = 0. What is the tens digit of b?
9
Let o(c) = 6*c - 3. Let j be o(1). Suppose -i = p - 16, 2*i + 32 + 26 = j*p. What is the units digit of p?
8
Let w = -17 - -30. Let o(q) = -113 + 113 - w*q. What is the tens digit of o(-2)?
2
Let g be (321/(-12))/(4/(-16)). Suppose -4*w - 3*v + 428 = 0, g = w + 2*v + 3*v. What is the hundreds digit of w?
1
Let u be (-510)/(-4)*-3*4/(-15). What is the hundreds digit of u + ((-2)/(-5) - 21/15)?
1
Let f = -76 + 30. Let v = f + 101. What is the tens digit of v?
5
Suppose 0*m - m = 0. Suppose -2*l - 4*g + 202 = m, l - 2*g = -l + 226. What is the units digit of l?
9
Suppose -10*q - 3*j = -15*q + 8950, -3*q - 3*j = -5394. What is the tens digit of q?
9
Let l = -1850 + 2039. What is the units digit of l?
9
Let s(n) be the third derivative of -n**6/120 - n**5/30 - n**4/24 + n**3/2 + 2*n**2. What is the tens digit of s(-3)?
1
Let l(o) = -95*o - 81. What is the units digit of l(-19)?
4
Let h be 1 - -3*1/1. Suppose 0 = h*d + d + 3*j - 242, 1 = -j. What is the units digit of d?
9
Let n(i) = -14*i + 3. Let q(f) = -13*f + 2. Let z(h) = 4*n(h) - 5*q(h). Let k be z(3). Suppose o - k = -11. What is the tens digit of o?
1
Let h = 35 